est common factor of g and d?
17
Suppose 4*i - 57 = 19. Let t be (24 - 5)*(3 - 0). What is the highest common factor of t and i?
19
Let l be 2*16 - (-26)/13. Calculate the greatest common factor of 85 and l.
17
Let j = -8 - 2. Let k be (258/4)/(5/j). Let z be k/(-12) - (-1)/4. Calculate the greatest common factor of z and 110.
11
Let r(u) = 5*u**2 - 1. Let c be r(-1). Suppose 2*p - c*z + 2*z = 24, -4*p = 3*z - 76. What is the greatest common divisor of 4 and p?
4
Suppose 0 = 4*j - 6*j + 38. Suppose -j - 309 = -2*x. Let z be x + 1*(-3)/(-3). What is the greatest common factor of z and 15?
15
Let o = 3 - -7. Suppose -3*p - 66 = -3*t, -9 = 4*t - 2*p - 103. Calculate the greatest common divisor of o and t.
5
Let a(k) = -k**3 + 7*k**2 - 4*k - 21. Let j be a(5). Calculate the highest common factor of 144 and j.
9
Let v = -9 + 25. Calculate the greatest common divisor of v and 80.
16
Let s be (-150)/(7 - 1)*3/(-5). Calculate the greatest common factor of 45 and s.
15
Let w be (-4)/(-14) + 24/14. Suppose z + 59 = w*s, -s - 133 = -5*s + 5*z. What is the highest common factor of 18 and s?
9
Let w(d) = d**3 - 13*d**2 - 13*d + 2. Let s be w(14). Let l = s + 6. What is the greatest common factor of 2 and l?
2
Let q(s) = 3*s**3 - s + 1. Let x be q(1). Suppose -15 - 297 = -x*r. Let j = r + -20. Calculate the highest common divisor of j and 21.
21
Suppose 4*y - 3*c - 244 = c, 2*c = 5*y - 290. Calculate the greatest common divisor of y and 8.
8
Let o be (0 + 1)/((-4)/(-268)). Let z = -34 + o. Calculate the highest common divisor of z and 3.
3
Suppose 2*w + t = 1, 0*w + 3*w = t - 1. Suppose w*p + 3*p - 15 = 0. Suppose 5*o - 14 - 11 = 0. What is the highest common factor of o and p?
5
Let r(p) = -3*p**2 + 3*p**2 + 10 - 2*p + 13*p + 3*p**2. Let q be r(-7). What is the highest common divisor of q and 32?
16
Let l(q) = 2*q + 4. Let b be l(3). Let g = -6 - -8. Suppose -40 = -g*a + 60. What is the greatest common divisor of b and a?
10
Let l(f) = 2*f + 0*f**2 + 4 - 2*f**2 + 4*f**2. Let p be l(6). Suppose 0 = o + o - p. What is the highest common divisor of 4 and o?
4
Let t(y) be the second derivative of -y**3/6 + 5*y**2/2 + 3*y. Let j be t(-5). What is the greatest common divisor of 25 and j?
5
Suppose -5*l = -l + 8. Let y(c) = -10*c - 3. Let m be y(l). Let s(u) = u**3 + 4*u**2 + u + 4. Let d be s(4). What is the highest common factor of m and d?
17
Let q = -9 - -3. Let l = q + 17. Calculate the greatest common factor of 22 and l.
11
Let l(z) = 2*z**2 + 6*z + 7. Let t be l(6). Calculate the greatest common factor of t and 46.
23
Let f be ((-22)/8 - 20/(-5))*12. What is the highest common divisor of f and 25?
5
Let u = 19 + -21. Let t be 13 + 1*(-2 + u). Calculate the highest common divisor of 6 and t.
3
Let c(u) = u - 3*u**2 + u + 2*u**2 - u**3. Let y be c(-3). Calculate the highest common factor of 84 and y.
12
Suppose 0*q + q - 16 = 0. Suppose 0*y + 5*y + 3*w - 215 = 0, -y = -4*w - 20. What is the greatest common divisor of q and y?
8
Let a = 141 + -77. Let c be (a/6)/(9/54). Calculate the highest common divisor of c and 8.
8
Let d = 1 + -1. Suppose 3*x + 4*p - 23 = d, 2*p - 19 = x - 2*p. Let h = x - -5. Calculate the greatest common factor of h and 18.
6
Suppose 0 = -3*m + 2*m + 11. Calculate the highest common factor of m and 44.
11
Let p be 2 + 0 + 2/1. Let v be (-9)/6*4/(-3). What is the greatest common divisor of p and v?
2
Suppose 6*a - 109 = -19. Calculate the greatest common divisor of a and 45.
15
Let x = 10 - 54. Let k be (x/(-6))/(2/33). Let a(d) = d**3 - 3*d**2 - 2*d + 3. Let q be a(4). What is the highest common divisor of k and q?
11
Let j(a) = 5*a - 16. Let i be j(6). Calculate the highest common factor of 21 and i.
7
Suppose -2*l = -5*b + 37, -3*b + 3*l = -6*b + 39. Suppose 3*d = -2*k + 189, -5*d - 27 - 318 = -4*k. Calculate the greatest common divisor of b and k.
9
Let q(t) = -t**2 - 8*t - 6. Let v be q(-8). Let l be 410/25 + v/15. What is the highest common divisor of l and 144?
16
Suppose 4*i + 3*p = 289, -3*i - 5*p + 4*p = -213. Let j = 8 - -6. Let h(k) = k + 14. Let s be h(j). Calculate the greatest common divisor of s and i.
14
Let b = -17 + -1. Let u = 64 + -38. Let q = u + b. What is the highest common factor of q and 2?
2
Let j be 1/(-2) + 39/6. Let t be 310/j - (-2)/6. Let i be (13/4)/((-1)/(-4)). Calculate the highest common divisor of i and t.
13
Suppose v + 28 = 2*v. Calculate the highest common divisor of 4 and v.
4
Let k be (4 + -3)/((-3)/(-15)). What is the highest common divisor of k and 40?
5
Let i = 7 + -5. Suppose 18 = i*u - 28. Let r = u + 47. What is the highest common divisor of 28 and r?
14
Let q = 166 - 58. Let j(b) = -13*b**3 + b**2 + 5*b + 3. Let v be j(-1). What is the greatest common factor of v and q?
12
Suppose 2*n = n + 12. Let k be (-4)/(n/33)*-3. Calculate the greatest common divisor of k and 22.
11
Let z be -1*6*(-1 - (-20)/(-6)). What is the greatest common divisor of z and 13?
13
Let m(c) = 16*c - 15*c - 1 + 3. Let t be m(4). Let k(a) = a**2. Let b be k(3). Calculate the highest common factor of b and t.
3
Let m = -120 - -130. What is the highest common factor of 110 and m?
10
Suppose 0 = -2*g + 84 - 48. Calculate the greatest common divisor of g and 144.
18
Let a(b) = 31*b**3 + b**2 - 1. Let y be a(1). Calculate the highest common divisor of y and 93.
31
Let q = -49 - -64. Let m(t) = -7*t - 1. Let b be m(-4). Let i = b - 12. What is the highest common divisor of q and i?
15
Suppose 0 = a - 5*a - 40. Suppose 4*m = 1 - 9. Let p be (a/m)/((-4)/(-28)). What is the greatest common factor of p and 7?
7
Let i(x) be the third derivative of x**5/60 - x**4/12 - 2*x**3/3 - 8*x**2. Let b be i(4). What is the highest common factor of 4 and b?
4
Let f(y) = y**3 + 3*y**2 - 2*y - 2. Let h be f(-3). Suppose -3*i + 18 = -0*i. What is the highest common factor of i and h?
2
Let t(l) = 2*l**2 - 7*l + 4. Let j be t(4). Let d = j - -8. What is the greatest common factor of 8 and d?
8
Let v(o) = -o**2 + 2*o + 4. Let z be v(3). What is the highest common factor of z and 8?
1
Let h be (2/4)/(20/320). What is the highest common factor of 24 and h?
8
Suppose 2*k - 51 = -5*q, 2*k - 4*q - 7 = -1. What is the highest common factor of k and 26?
13
Let f = 1 - -3. Suppose 0 = -3*l + 7*l - 16. Suppose f*g = 4*u + 224, 0 = -l*g - u + 61 + 138. Calculate the highest common factor of 17 and g.
17
Let o be (2 - -30) + (-6)/(-6) + 3. Calculate the highest common divisor of 90 and o.
18
Suppose -3*n - 72 = -5*n. Calculate the greatest common factor of 24 and n.
12
Suppose 24 = 4*g - 72. Let r = 11 + 1. What is the highest common divisor of g and r?
12
Suppose 8*a = -11*a + 190. Let x = 2 + 1. Suppose 90 = 4*l - x*l. Calculate the highest common factor of l and a.
10
Suppose 4*m - 44 = -3*s, 2*s = 5*s - 12. Let l be (4 + (-276)/9)*-3. Calculate the highest common factor of l and m.
8
Let q = 22 + -2. Suppose -2*w - q = -5*w - 2*r, -4*w - 4*r + 28 = 0. Calculate the highest common factor of 42 and w.
6
Let q be 2/(-4)*(-70)/5. Suppose -x = -4*y - 15, -3*y = 5*x - y - 119. Let w = x + 33. What is the greatest common factor of q and w?
7
Let f(u) = u - 4. Let q be f(7). Suppose -q*l = -5*d + l + 77, -30 = -3*d - 3*l. Suppose -4*n + 35 = -17. Calculate the greatest common divisor of d and n.
13
Suppose 0 = 3*w - 0*w - 165. Suppose -3*g + 4*f = 2*g - 55, 2*g = -4*f + 50. Suppose 2*u - 5*u + g = 0. Calculate the greatest common divisor of w and u.
5
Let d(m) = -m**2 - 5*m - 2. Let q be d(-2). Let s be q/(-3)*(-9)/6. Calculate the highest common divisor of 3 and s.
1
Suppose -4*a + 456 = 4*x, 0*x + 6 = -2*x. What is the highest common factor of 13 and a?
13
Suppose 0*t = 4*t - 20, u - 3*t - 13 = 0. What is the greatest common factor of u and 42?
14
Let f(k) = k**2 - 13*k + 14. Let a be f(14). Calculate the highest common divisor of 70 and a.
14
Suppose -g + 6*g - 30 = 0. Let r be 2/13 - 705/(-65). Let x = r + 1. Calculate the greatest common factor of g and x.
6
Let z(t) = t**2 - t - 1. Let v be z(-3). Let f(n) = 2*n - 2. Let k be f(v). Calculate the highest common factor of 10 and k.
10
Suppose -5*r - j + 3*j = -15, -r - 2*j - 9 = 0. Suppose -w = 5*p - 45, -r = 3*p - w - 28. What is the greatest common divisor of 81 and p?
9
Suppose -2*k + 6 = -10. Sup